?
3
Let x(c) = c**3 + 9*c**2 + 7*c - 3. Suppose g + 5 = -3. Let n be x(g). Suppose -92 = -n*l + 3. What is the tens digit of l?
1
Let a = 10 + 73. What is the tens digit of a?
8
Let m(g) = g - 10. Let f(n) = -n + 11. Let b(d) = -3*f(d) - 4*m(d). Let t be b(4). Suppose t*p = -p + 44. What is the units digit of p?
1
Let o be 45 - (1 - 3) - 1. Suppose -2*p + 2*s = -o, -s = p - 0*s - 19. What is the units digit of p?
1
Suppose -2*d = 3*d - 2*j - 10, 5*d - 5*j = 25. What is the tens digit of d - (2 + -10 + -3)?
1
Let h(u) = u**3 + 8*u**2 + 7*u. Let p be 222/(-30) + 2/5. Let t be h(p). Suppose -3*a - 4*i + 17 = 0, -3*i + t = 3. What is the units digit of a?
7
Let w(t) = t**2 - 4*t - 1. Let x be w(5). Suppose 2*j = -p - 0*p + 25, -5*p + 41 = x*j. What is the units digit of j?
4
Let x = 5 - 4. Let v be -2*(x - (-14)/(-4)). Suppose 0 = v*a - 2*a - 30. What is the tens digit of a?
1
Let g(d) = d**2 + 4*d - 5. Let a be g(-5). Suppose -u - 4*u = a. Suppose w + u*w = 10. What is the units digit of w?
0
Let d(r) = r**2 - 8*r + 2. Let k be d(8). What is the units digit of 205/10 - 1/k?
0
Suppose c = -62 + 222. What is the tens digit of (-6)/4*c/(-15)?
1
Let j = -85 - -185. What is the units digit of j?
0
Suppose 0*k = -4*k + 4*n + 44, -4*k = 5*n - 44. Suppose 0 = -3*t + 2*t + k. What is the units digit of t?
1
Let t = 1 - -3. Suppose 5*z = -3*h + 133, -3*z + 74 = -0*z - t*h. What is the units digit of z?
6
Let r(y) be the second derivative of y**3/3 + 2*y**2 + 2*y. What is the units digit of r(5)?
4
Let q(m) = -16*m**3 - 1. Let k be -1 + -1 + 3 + -2. What is the units digit of q(k)?
5
Let q(m) = 3*m + 15. Let h be q(-7). Let x(w) = -w**3 - 6*w**2 - 5*w - 8. What is the units digit of x(h)?
2
What is the tens digit of (-2)/7 + 2592/56?
4
Let l = 61 - 11. What is the units digit of l?
0
Suppose -r - 4 = -2*r. What is the units digit of 11/4 + 1/r?
3
Let s(j) = j**3 + 6*j**2 + 5*j + 5. Let d be s(-5). Suppose -w - 116 = -d*w. What is the units digit of w?
9
Suppose -2*n = n. Suppose n = -k - k - 14. Let j(p) = -p**3 - 6*p**2 + 6*p. What is the units digit of j(k)?
7
Suppose -3*c + s = -53, -4*c = -9*c - 3*s + 65. What is the tens digit of c?
1
Suppose -9 = 6*s - 7*s. What is the units digit of s?
9
Let c(q) = 215*q**3 - 2*q**2 + 1. Let k be c(1). Let w be k/10 - 6/15. Suppose 5*v + 1 = w. What is the units digit of v?
4
Suppose -8*b = -3*b - 2*o + 70, 4*b - o = -56. Suppose 28 = t + 5. Let h = b + t. What is the units digit of h?
9
Suppose -2*j + 6*j - 820 = 0. Suppose -6*v + j = -v. What is the tens digit of v?
4
Suppose d = 5*n - 21, d + d = 4*n - 12. Suppose 68 = n*b + 23. What is the units digit of b?
9
Let b = -5 + 8. Let h = -34 - -55. Suppose 0 = -b*t - 6 + h. What is the units digit of t?
5
Suppose 3*z + 2*x + 13 = 3*x, 3*z + 10 = -2*x. Let r be 2/((-24)/14 - -2). Let n = z + r. What is the units digit of n?
3
Let u(t) = -t**3 + 9*t**2 - 11*t + 9. Let n be u(7). Let b = n + -16. What is the units digit of 4/12 + b/3?
5
Suppose -2*j + 8 = 0, -5*j - 50 = -b - b. What is the tens digit of b?
3
Let y(l) = -l**3 - 2*l**2 + 7*l + 6. Suppose 0*v = 3*v + 33. Let f = v + 7. What is the tens digit of y(f)?
1
Let w(t) = t + 15. Let c be w(-8). Suppose -c*u + 3*u + 52 = 0. What is the units digit of u?
3
Let w(s) = -5*s**3 - 6*s**2 - 10. Let x(i) = 14*i**3 + 19*i**2 + 30. Let k(u) = 11*w(u) + 4*x(u). What is the units digit of k(-10)?
0
Let z(t) = 4*t**2 - 6*t + 2. Let x be z(4). Suppose 5*f + 5*m - 27 = -117, -m = -3*f - x. What is the units digit of (-10)/f + (-52)/(-3)?
8
Let k = 29 - 20. What is the units digit of k?
9
Let i be -2*((-1)/2)/1. Suppose 2*h = -5*g - 2*h - 17, 4*g + 1 = h. Let f = i - g. What is the units digit of f?
2
Suppose -4*m - 6 = -m. Let g be (m/(-6))/(1/12). What is the units digit of (-6)/18 - g/(-3)?
1
Let z(m) = -8*m**3 - 3*m**2 - m. What is the units digit of z(-2)?
4
Suppose 0 = 5*h - 20, a + a + h - 262 = 0. What is the hundreds digit of a?
1
Suppose l - 7 - 6 = 0. What is the units digit of l?
3
Suppose 0*i = i. Suppose 5*j - 93 + 18 = i. Suppose -2*f - 4*n + 14 = -3*f, -3*n = -j. What is the units digit of f?
6
Let d(n) be the second derivative of -n**5/5 - n**3/6 - n**2/2 + n. Let s be d(-1). Suppose s*w + w = 10. What is the units digit of w?
2
Suppose 0 = 4*i - g + 9 - 58, -5*g = -2*i + 29. Let d(p) = -p**2 + 12*p + 9. What is the units digit of d(i)?
9
Let h(a) = 5*a**2 + 1. Let r be h(1). Let f be 16/6*r/8. Suppose 0*k = -3*k + 4*t + 36, 0 = -4*k + f*t + 58. What is the units digit of k?
6
What is the tens digit of (105/(-12))/(5/(-20))?
3
Let y(t) = t**2 + 7*t + 4. Let u be (-2 - 5)/((-3)/(-3)). Let k be y(u). Suppose k*j = -11 + 55. What is the units digit of j?
1
Suppose 0 = 2*u + z + 1, 4*u - 3*z = 3. Let f(x) = x**3 - x + 3. What is the units digit of f(u)?
3
Suppose -5*c - 99 = d, 0*c + 4*d + 92 = -4*c. Let z = 27 + c. What is the units digit of z?
8
Suppose 0 = -s + 4*i - 2*i - 2, 2*s + 3*i - 17 = 0. Suppose -s - 8 = -3*l. Suppose -3*g = l*d - 3, 0 = -3*g + 2 - 11. What is the units digit of d?
3
Let i(x) = -x**3 + 8*x**2 + 11*x - 13. Let f be i(9). Suppose -f*g + 34 = -46. Suppose -4*y + g = -z - 40, 5*z - 14 = -y. What is the tens digit of y?
1
Suppose -q + 0*q + 65 = 4*y, 3*y - 45 = 3*q. Let i = y + -7. What is the units digit of i?
9
Let u = 5 - -1. Let q = u - 6. Suppose q = 5*p - t - 5, 0 = 5*p - 4*p + t - 7. What is the units digit of p?
2
Suppose 5*z - 38 = 122. What is the units digit of z?
2
Let z be ((-174)/(-9))/((-2)/(-6)). Suppose 3*k - z = k. What is the units digit of k?
9
Let o = -3 + 2. Let d(a) = 0*a**3 + 2*a + 2*a**2 - 3*a**3 + 1 - 5*a**3. What is the units digit of d(o)?
9
Let k be 28/(-42)*(-30)/4. Suppose 0 = -2*j + 2*u + 2*u + 2, -k*j - 4*u + 5 = 0. What is the units digit of j?
1
Let x(h) = -h**2 - h + 48. Let p be x(0). Suppose -q = m - 1, -2*q - 2 + 4 = -5*m. Suppose -3*i - i + p = m. What is the tens digit of i?
1
Let n = 25 - 8. What is the units digit of n?
7
What is the tens digit of 605/35 + 4/(-14)?
1
Let d(l) = -2*l**3 - 2*l**2 - 7. Let x = 0 - 3. What is the units digit of d(x)?
9
Let n be (0 + 0 - 3)*-1. Suppose 0 = -n*o - 0*o + 3. Suppose 0 = s - o. What is the units digit of s?
1
Let f be (-1 - (-28)/8)*-2. Let q = -20 + 11. What is the units digit of (f + 1)/(q - -8)?
4
Let a(l) = l**3 - 10*l**2 - 15*l - 5. What is the tens digit of a(13)?
0
Let h(x) = x**3 - 3*x**2 - 7*x + 8. What is the units digit of h(7)?
5
Let o = 7 + -10. Let t = o - -7. Suppose 0 = -4*s - t*u + 40, 5*s - 21 = 4*u + 29. What is the units digit of s?
0
Suppose 3*b - 2*t - 6 = b, 2*b - 6 = 5*t. Let p be (3/b)/(-3)*-21. Let c = p + 12. What is the tens digit of c?
1
Suppose 3*j = -4*r + 4*j + 163, -3*r - 4*j + 146 = 0. Let y = r - 25. What is the units digit of y?
7
Suppose 0 = -d + 4*d - 15. Let u = d - 3. What is the units digit of u?
2
Suppose -1 = -w - 6. Let l = 3 + w. What is the units digit of l*(6/(-4))/3?
1
Let y = 55 + -21. What is the units digit of y?
4
Suppose 5*d = -5*v + 1070, 2*v = 2*d - 7*d + 1061. What is the tens digit of d?
1
Suppose 11*r - 102 = 360. What is the tens digit of r?
4
What is the tens digit of 3/(78/4) + 401/13?
3
Suppose t + 1 = -0*t. Let h = t - -1. Let n = 1 + h. What is the units digit of n?
1
Suppose -d + r = 2*r + 23, -3*d = 5*r + 65. Let q(b) = 7*b - 22. Let c be q(9). Let o = c + d. What is the units digit of o?
6
Let x = -381 - -589. What is the hundreds digit of x?
2
Let p = -6 - -9. Suppose -p*h = -h - 34. What is the units digit of h?
7
Let f(d) = -d + 2. Let a = -18 + 6. Let q be f(a). Let z = q + 1. What is the tens digit of z?
1
What is the tens digit of 27/2 - (-2)/(-4)?
1
Suppose 0 = -0*n - n + w, 4*w = -4*n. Suppose 0 = -n*s + s - 12. Suppose -4*u + 0*u + s = 0. What is the units digit of u?
3
Let k(x) be the first derivative of 2*x**3/3 + x**2 - 2*x - 5. What is the units digit of k(-4)?
2
What is the units digit of 568/5 - 40/(-100)?
4
Let v(x) = x**3 + 7*x**2 - x - 3. What is the units digit of v(-7)?
4
Let u(h) = h + 3. Let t be u(-4). Let a = t - -6. Suppose 3*c - 49 = -5*s, 2*s - a*c - 9 = -s. What is the units digit of s?
8
Let g be (-2 + (-33)/(-4))*8. Let z = 84 - g. What is the tens digit of z?
3
Let g be 2*22/(-2 + 4). Let s be 169/3 - (-16)/24.